uppose 2*o + 5 = -3. Is 4*1/o*n a composite number?
False
Suppose 115*t - 403606 = 101*t. Is t a prime number?
False
Is 5*(-5026)/(-105)*(-3)/(-2) a composite number?
False
Is (0 - (-92)/6)/(54/7209) a prime number?
False
Let x be 4/22*1 + 40/22. Suppose -4*l - 2*v + 1937 + 283 = 0, 2*v - 1106 = -x*l. Is l a prime number?
True
Let z(y) = -y**3 - 8*y**2 - 12*y + 2. Let l be z(-6). Suppose -l*v + 2348 = 2*v. Is v a prime number?
True
Suppose 9*h = 15*h - 84. Suppose 26765 = h*a - 6261. Is a prime?
False
Let r be ((-2)/2 - -1)/(-2) - -3. Suppose -2*k - 2*h + 1592 = -r*h, 5*k - 3*h - 3979 = 0. Is k a composite number?
False
Let z(g) = g**3 - 6*g**2 - 25*g - 27. Let s(r) = -4*r**3 + 24*r**2 + 101*r + 108. Let m(y) = 2*s(y) + 9*z(y). Is m(14) a composite number?
True
Suppose u = 2*b + 3080, u - 4*b + 6160 = 3*u. Let q = -1321 + u. Is q a prime number?
True
Let t(n) = -n**2 - 14*n - 1. Let d be t(-10). Suppose 4*r + 31 = d. Is 87 + r + 0 + -4 a prime number?
False
Is 5714/(-6)*-1 + 74/111 composite?
False
Suppose 44098 = 11*v - 39073. Is v prime?
True
Is (34/4 + -8)*161306 a composite number?
True
Let h = -11728 - -17109. Suppose 0 = 4*n + 3*t - h, 5*n + 0*n - 2*t - 6709 = 0. Is n composite?
True
Is ((-13)/(-39))/((-1)/(-14583)) a prime number?
True
Let t be 770/50 - (-2)/(-5). Suppose -9 = 2*z + 3*u, 0 = u - 4*u - t. Suppose k + 109 = z*f, f - 1 - 34 = k. Is f a prime number?
True
Let x be (-982394)/(-35) + 3 - 2/5. Suppose 13*p + 7700 = x. Is p composite?
False
Let g(f) = 221*f - 58. Is g(49) prime?
True
Let m(g) = g**2 - 1366. Let k be m(0). Let w = k - -2909. Is w a composite number?
False
Suppose 3*z + 130 = -110. Let m = z + 28. Let y = -37 - m. Is y a prime number?
False
Suppose 0 = -o + 3, -2*c + 12 = 2*o. Is 1*(-207)/6*(-74)/c a composite number?
True
Let t be 18/(-21)*-1*(7 - 0). Suppose -h = 3*l - t*h - 2056, 4*h - 3365 = -5*l. Is l prime?
True
Let c(w) = -7*w + 2. Let k(v) = -v + 1. Let f(y) = c(y) - 4*k(y). Let g be f(-2). Suppose -1513 - 1075 = -g*h. Is h prime?
True
Let l = 56885 - 37728. Is l a prime number?
True
Let t be 4 + 5/(15/9). Let z be 2/(t/((-49)/(-2))). Suppose z*a - 4*a - 399 = 0. Is a composite?
True
Suppose -5*m - t + 7640 = -3*t, -m + 1528 = 2*t. Suppose 4*n + 4*i = m, 2*n + 4*i - 1054 = -296. Let l = -174 + n. Is l prime?
True
Let u(t) = 77*t + 9. Suppose -1 = -2*m - g - 0, 0 = -5*m - 2*g + 4. Is u(m) a composite number?
False
Let y(m) = m**2 + 4*m + 8. Let g be y(-12). Suppose a - 5*t - g = 0, 3*a - 5*t - 388 + 36 = 0. Suppose 5*l - 4*h = 307, l = 3*l - 2*h - a. Is l prime?
True
Suppose 5 + 27 = -4*m. Is (0 - -1347)*m/(-24) a composite number?
False
Let q = -50 + 53. Is (2439/21)/q - 4/(-14) a composite number?
True
Let g = -4 - -3. Let v(o) = -85*o - 2. Is v(g) composite?
False
Suppose 4*z - 5 = 59. Suppose f = -f + z. Suppose 1865 = 5*x + 3*o, 365 = x + o - f. Is x a prime number?
True
Let q = 21255 + -13993. Is q prime?
False
Suppose 4*f - 3*k + 79 = 0, -f - 3 = 2*k + 3. Let m be 3 - 4/(f/12). Let y(a) = 3*a**2 - 7*a - 8. Is y(m) composite?
True
Let d(l) = -l**3 + l**2 - 1. Let a be d(0). Is a/4 + 25839/44 composite?
False
Suppose 2*v = -2*o + 10, 2*o = 4*v - 0 - 20. Is (1362 - -2) + o + -3 composite?
False
Let c = -856 + 207. Let b = -227 - c. Is b a composite number?
True
Suppose -3*j = -7*j + 12. Let u be 200/(-6)*18/(-4). Suppose j*z + 337 = 5*a, 2*a - u = 5*z - 0. Is a a composite number?
True
Suppose t = -5*y, 3*y - t = y. Let g(q) = -q + 485. Is g(y) a composite number?
True
Is 50990/(-25)*-5 - 5 composite?
False
Suppose 0 = -f + 4*u + 2312, -5*u + 6851 = -0*f + 3*f. Suppose 4*a - 10 = -p, -3*p - 8*a = -4*a - 14. Suppose f = 4*b - 2*y - 3*y, p*y = 0. Is b a prime number?
False
Is ((-10)/(-4))/((-24)/(-156432)) a prime number?
False
Suppose -5*b = -3*b. Suppose b*a + 4 = 2*a. Suppose -3*v = -a*v - 413. Is v a composite number?
True
Suppose -24208 - 136715 = -21*z. Is z composite?
True
Let p(f) = 6*f**3 + 2*f**2 + 6*f + 5. Suppose -g + 13 = 3*a, 0*g - 2*a + 26 = 5*g. Is p(g) composite?
True
Let b(m) = m**2 - 6*m + 2. Let l be b(6). Let w be (24/36)/(l/9). Suppose 2 = -w*j + 59. Is j a prime number?
True
Let t(n) = 2*n**3 - 15*n**2 - 6*n + 16. Let r(u) = -u**3 + 8*u**2 + 3*u - 8. Let x(c) = 7*r(c) + 4*t(c). Let g be x(4). Is ((-23)/(-2))/(g/(-8)) composite?
False
Suppose -13*a + 245241 + 55540 = 0. Is a prime?
False
Let d = 6123 + -3262. Is d a composite number?
False
Suppose z + 5*h + 15 = -4*z, 3*z + 15 = -h. Let g(m) = -16*m**3 - 4*m**2 + 13*m - 11. Is g(z) prime?
False
Let q(l) = 2*l**2 - 3*l + 1. Let w be q(2). Suppose -w*g = -0*g. Suppose t + 3*o - 217 = g, 3*o - 663 = -2*t - t. Is t composite?
False
Let u be (66/9)/(6/837). Let p = u + 1198. Suppose 5*w - 4*r = p, 4*w - 1334 = w + r. Is w a composite number?
True
Suppose -8*g - g = -36. Suppose -4*o + 3*o - 3*s + 1372 = 0, o + g*s = 1369. Is o a composite number?
False
Suppose -q = 3*j - 2*q - 98983, 2*q = -j + 32999. Is j composite?
True
Let o(u) be the third derivative of -7*u**6/40 + u**5/30 - u**4/24 + u**3/3 + 6*u**2. Is o(-4) composite?
True
Suppose -k + 4675 = 4*j, -22*j + 26*j = -5*k + 23327. Is k a prime number?
True
Is 120/(-80)*(-10268)/6 composite?
True
Let l(h) = -66*h**3 - 21*h**2 + 25*h - 17. Is l(-10) a prime number?
False
Let h = -59 + 50. Let y(r) = 25*r**2 - 6*r + 20. Is y(h) prime?
True
Let f(x) = -21*x**3 + x**2 - x - 3. Let a be (14/(-77) + 24/11)*-2. Is f(a) composite?
False
Let z = 44861 + -30264. Is z composite?
True
Suppose 6*g = 2*g + 8. Let a be -1 + (2 - -342)/g. Let t = 152 + a. Is t composite?
True
Let o(p) be the first derivative of -7*p**2/2 - p + 2. Is o(-8) a composite number?
True
Suppose 62*n = 39*n + 209921. Is n composite?
False
Suppose 5*c - 2*p - 31724 = 988, 4*c + 5*p = 26196. Suppose 11*l - 30183 = -c. Is l a composite number?
True
Suppose -3*v = -2455 - 998. Is v a prime number?
True
Let z(j) = 9*j**3 + 5*j**2 + 6*j + 12. Let p be z(-9). Let i = -3701 - p. Is i a composite number?
True
Is -3 + 24945/5 + 1 a prime number?
True
Suppose 6*m = u + 4*m - 12365, 5*m - 49512 = -4*u. Is u a prime number?
True
Let w(h) = -h - 3. Let l be w(-5). Suppose 24 = -4*r + 44. Suppose -918 = -l*q + 4*i, r*i - 2370 = -5*q - 0*i. Is q prime?
False
Let b(r) = 15*r**2 - 7*r + 1. Let y be b(8). Suppose -i + 2*z + 274 = 0, -2*z - 1370 = i - 6*i. Let d = y - i. Is d composite?
False
Suppose 7*s = -36 - 6. Let i(h) = -48*h + 4. Let b(k) = -145*k + 11. Let t(d) = 3*b(d) - 8*i(d). Is t(s) a prime number?
True
Suppose 3*q + 6 = 5*q. Let s(u) = q*u + u + 0 - 1 - 5*u**2 + u**3. Is s(6) a composite number?
False
Suppose 3*d + 148 = 934. Let f = 69 + d. Is f a prime number?
True
Let k(o) = -7*o**3 - o**2 - 2*o + 21. Let j be k(4). Is (2 - j) + 5 + -9 a prime number?
True
Suppose -3*o = -0*o - 3, o - 2391 = -5*z. Suppose -6*p - 34 = -z. Is p composite?
True
Suppose -25*a = -27*a + 4926. Suppose 5*t = -3*g + g + a, 4*g = 3*t - 1483. Is t prime?
False
Let i = -6 + 6. Suppose -3*y - 4*h = -7, -2*y + i*h + 4*h + 18 = 0. Suppose 0 = -2*q - 4, -y*t + 2*q + 3*q + 80 = 0. Is t prime?
False
Let s be (-2)/((-2)/5)*5. Let f = 25 - s. Suppose 4*v = 2*y - 1050, -2*y + 5*v = -f*y - 1051. Is y prime?
True
Is 529/46*(-92)/4*-2 composite?
True
Let h be (52/(-6) - -1) + (-24)/(-36). Is (7/(-2))/h*(3120 - -2) a composite number?
True
Suppose 3*p + 338 = 5*p. Suppose 15 = -2*h + p. Is h composite?
True
Let s be -6*(-1)/(-2) - 6. Is 5 + s + 0 + 705 composite?
False
Suppose -11*s + 101311 = -57276. Suppose -5*w - 8*w + s = 0. Is w composite?
False
Let l(y) = -y**3 + 2471. Let a = -152 - -152. Is l(a) prime?
False
Suppose 410660 = 32*l - 8124. Is l a composite number?
True
Let a be 139 + -1 + 3 + -1. Let g(b) = -b**3 + 4*b**2 + 7*b - 5. Let c be g(3). Suppose i = -j + a, 0 = i - j - 125 - c. Is i a prime number?
False
Suppose -5*v = -4*v - 3. Suppose 2946 = 5*b - 3*f + 748, -v*f = 2*b - 875. Is b prime?
True
Suppose -35*h = -725661 - 64534. Is h a composite number?
True
Suppose -3*l - 10*p = -14*p - 5, 4*p = -2*l + 30. Let m(b) = b**2 - 5*b - 4. Let f be m(5). Is 251/(f + l + -2) prime?
True
Let w = -2565 - -3988. Is w prime?
True
Suppose 11*c = 13*c - 1574. Suppose 0*j - c = -j. Suppose 5*v - 3*b - b - 1957 = 0, -3*b - j = -2*v. Is v a composite number?
False
L